{"id":1105,"date":"2014-11-05T16:27:43","date_gmt":"2014-11-05T15:27:43","guid":{"rendered":"http:\/\/musik-in-st-martin.de\/n12\/?page_id=1105"},"modified":"2021-01-02T14:53:50","modified_gmt":"2021-01-02T13:53:50","slug":"details-zur-truhenorgel","status":"publish","type":"page","link":"https:\/\/musik-in-st-martin.de\/n12\/ott-orgel\/details-zur-truhenorgel\/","title":{"rendered":"Die Truhenorgel"},"content":{"rendered":"<p>Unsere Truhenorgel ist ein vollwertiges Orgelinstrument im verkleinerten Ma\u00dfstab mit nur einem Manual (Tastatur) und ohne Pedal. Die T\u00f6ne werden durch Orgelpfeifen erzeugt wie bei einer gro\u00dfen Orgel auch.<br \/>\nWie Sie an den Handgriffen sehen, kann unsere Truhenorgel an die gew\u00fcnschten Orte getragen werden: z.B. bei Taufen in die N\u00e4he unseres sch\u00f6nen historischen Taufbeckens im Seitenschiff, bei Konzerten in die N\u00e4he von Chor und Orchester. Den Musizierenden erm\u00f6glicht die Truhenorgel bei Gottesdiensten oder Kammerkonzerten ein Zusammenspiel im Altarraum. Sie kann auch w\u00e4hrend der Winterkirche im Gemeindehaus den Gemeindegesang begleiten. Allerdings ist die Truhenorgel nicht als Ersatz f\u00fcr die Ott-Orgel gedacht, sondern sie er\u00f6ffnet weitere musikalische M\u00f6glichkeiten.<\/p>\n<p>Die Truhenorgel konnte durch Mittel aus der freiwilligen Gemeindespende 2014, Spenden anl\u00e4sslich von Veranstaltungen, zweckgebundenen Spenden\u00a0 und aus einer R\u00fccklage des F\u00f6rdervereins Kirchenmusik finanziert werden. Erstmals erklang sie beim Konzert &#8222;Zwischenzeiten&#8220; und im Gottesdienst am 1. Advent 2014.<\/p>\n<p>Gebaut wurde unsere Truhenorgel 2014 in der Orgelbauwerkstatt Christoph Grefe in Ilsede bei Peine.<\/p>\n<p>Disposition:<br \/>\nGedackt 8\u2019, Fichte<br \/>\nFl\u00f6te 4\u2019, Eiche, C-h\u00b0 gedeckt ab c\u2019 offen<br \/>\nPrinzipalfl\u00f6te 2\u2019, Metall, C-d\u00b0 gedeckt<br \/>\nKlaviaturumfang C-c3,<br \/>\nTransponiervorrichtung +1\u20442, -1\u20442<br \/>\nGeh\u00e4use: Eichenholz ge\u00f6lt mit vier abnehmbaren Tragegriffen<br \/>\nMotor: separat im schallged\u00e4mmten Kasten<\/p>\n<p><a href=\"http:\/\/musik-in-st-martin.de\/n12\/wp-content\/uploads\/2014\/11\/truhenorgel_11.jpg\"><img loading=\"lazy\" decoding=\"async\" class=\"wp-image-1124 alignleft\" src=\"http:\/\/musik-in-st-martin.de\/n12\/wp-content\/uploads\/2014\/11\/truhenorgel_11.jpg\" alt=\"truhenorgel_1\" width=\"407\" height=\"351\" \/><\/a><\/p>\n","protected":false},"excerpt":{"rendered":"<p>Unsere Truhenorgel ist ein vollwertiges Orgelinstrument im verkleinerten Ma\u00dfstab mit nur einem Manual (Tastatur) und ohne Pedal. Die T\u00f6ne werden durch Orgelpfeifen erzeugt wie bei einer gro\u00dfen Orgel auch. Wie Sie an den Handgriffen sehen, kann unsere Truhenorgel an die &hellip; <a href=\"https:\/\/musik-in-st-martin.de\/n12\/ott-orgel\/details-zur-truhenorgel\/\">Weiterlesen <span class=\"meta-nav\">&rarr;<\/span><\/a><\/p>\n","protected":false},"author":3,"featured_media":0,"parent":283,"menu_order":0,"comment_status":"closed","ping_status":"open","template":"","meta":{"footnotes":""},"class_list":["post-1105","page","type-page","status-publish","hentry"],"_links":{"self":[{"href":"https:\/\/musik-in-st-martin.de\/n12\/wp-json\/wp\/v2\/pages\/1105","targetHints":{"allow":["GET"]}}],"collection":[{"href":"https:\/\/musik-in-st-martin.de\/n12\/wp-json\/wp\/v2\/pages"}],"about":[{"href":"https:\/\/musik-in-st-martin.de\/n12\/wp-json\/wp\/v2\/types\/page"}],"author":[{"embeddable":true,"href":"https:\/\/musik-in-st-martin.de\/n12\/wp-json\/wp\/v2\/users\/3"}],"replies":[{"embeddable":true,"href":"https:\/\/musik-in-st-martin.de\/n12\/wp-json\/wp\/v2\/comments?post=1105"}],"version-history":[{"count":12,"href":"https:\/\/musik-in-st-martin.de\/n12\/wp-json\/wp\/v2\/pages\/1105\/revisions"}],"predecessor-version":[{"id":3343,"href":"https:\/\/musik-in-st-martin.de\/n12\/wp-json\/wp\/v2\/pages\/1105\/revisions\/3343"}],"up":[{"embeddable":true,"href":"https:\/\/musik-in-st-martin.de\/n12\/wp-json\/wp\/v2\/pages\/283"}],"wp:attachment":[{"href":"https:\/\/musik-in-st-martin.de\/n12\/wp-json\/wp\/v2\/media?parent=1105"}],"curies":[{"name":"wp","href":"https:\/\/api.w.org\/{rel}","templated":true}]}}